{"id":285,"date":"2025-09-11T15:37:13","date_gmt":"2025-09-11T04:07:13","guid":{"rendered":"https:\/\/www.ecoweb.com.co\/nueva\/?page_id=285"},"modified":"2025-09-12T02:26:46","modified_gmt":"2025-09-11T14:56:46","slug":"conoce-nuestros-servicios","status":"publish","type":"page","link":"https:\/\/www.transmebacarga.com\/?page_id=285","title":{"rendered":"Gesti\u00f3n del riesgo"},"content":{"rendered":"<p>[vc_row full_width=\u00bbstretch_row_content_no_spaces\u00bb][vc_column][rev_slider_vc alias=\u00bbgestion\u00bb][\/vc_column][\/vc_row][vc_row content_placement=\u00bbmiddle\u00bb css=\u00bb.vc_custom_1622502396702{padding-top: 80px !important;padding-bottom: 80px !important;}\u00bb][vc_column][vc_row_inner content_placement=\u00bbmiddle\u00bb][vc_column_inner][vc_column_text]<\/p>\n<h1 class=\"text-md text-bolder\" style=\"color: #195ba8; font-size: 20pt !important;\">Gesti\u00f3n del riesgo<\/h1>\n<p style=\"text-align: justify;\">La calidad y la seguridad son fundamentales dentro de la propuesta de servicio que tenemos para ofrecerte, por eso contamos con procesos que est\u00e1n encaminados a mitigar los riesgos que pueden interrumpir la cadena de suministros.<\/p>\n<p class=\"Default\">Trabajamos para administrar los riesgos operativos, contamos con una flota de afiliados, moderna, y alianzas estrat\u00e9gicas que nos apoyan en el cumplimiento de la promesa de servicio a nuestros clientes<\/p>\n<p>&nbsp;<\/p>\n<h1 class=\"text-md text-bolder\" style=\"color: #195ba8; font-size: 20pt !important;\">Asociados de negocios<\/h1>\n<p style=\"text-align: justify;\">Nuestra compa\u00f1\u00eda cumple con los requisitos para la seguridad en la cadena de suministro establecidos por BASC (Business Alliance for Secure Commerce) para los asociados de negocio, de acuerdo con la gesti\u00f3n de riesgos de su operaci\u00f3n seg\u00fan la normativa vigente.<\/p>\n<p><strong>\u00a0<\/strong>Entre los criterios contemplados en nuestro Sistema de Gesti\u00f3n de Riesgos para la implementaci\u00f3n de esta norma se encuentran:<\/p>\n<ul>\n<li>Controles de acceso f\u00edsico.<\/li>\n<li>Controles de acceso tecnol\u00f3gicos.<\/li>\n<li>Gesti\u00f3n de asociados de negocio.<\/li>\n<li>Gesti\u00f3n de Proveedores y contratistas<\/li>\n<li>Seguridad en la cadena de suministros<\/li>\n<li>Administraci\u00f3n y gesti\u00f3n de los riesgos en los procesos.<\/li>\n<\/ul>\n<p>[\/vc_column_text][vc_images_carousel images=\u00bb611,619,618,617,616,615&#8243; img_size=\u00bbfull\u00bb onclick=\u00bblink_no\u00bb slides_per_view=\u00bb4&#8243;][\/vc_column_inner][\/vc_row_inner][\/vc_column][\/vc_row]<\/p>\n","protected":false},"excerpt":{"rendered":"<p>[vc_row full_width=\u00bbstretch_row_content_no_spaces\u00bb][vc_column][rev_slider_vc alias=\u00bbgestion\u00bb][\/vc_column][\/vc_row][vc_row content_placement=\u00bbmiddle\u00bb css=\u00bb.vc_custom_1622502396702{padding-top: 80px !important;padding-bottom: 80px !important;}\u00bb][vc_column][vc_row_inner content_placement=\u00bbmiddle\u00bb][vc_column_inner][vc_column_text] Gesti\u00f3n del riesgo La calidad y la seguridad son fundamentales&#8230;<\/p>\n","protected":false},"author":1,"featured_media":0,"parent":0,"menu_order":0,"comment_status":"closed","ping_status":"closed","template":"","meta":{"footnotes":""},"class_list":["post-285","page","type-page","status-publish","hentry"],"yoast_head":"<!-- This site is optimized with the Yoast SEO plugin v27.4 - https:\/\/yoast.com\/product\/yoast-seo-wordpress\/ -->\n<title>Gesti\u00f3n del riesgo | Transmeba Carga<\/title>\n<meta name=\"robots\" content=\"noindex, follow, max-snippet:-1, max-image-preview:large, max-video-preview:-1\" \/>\n<meta property=\"og:locale\" content=\"es_ES\" \/>\n<meta property=\"og:type\" content=\"article\" \/>\n<meta property=\"og:title\" content=\"Gesti\u00f3n del riesgo | Transmeba Carga\" \/>\n<meta property=\"og:description\" content=\"[vc_row full_width=\u00bbstretch_row_content_no_spaces\u00bb][vc_column][rev_slider_vc alias=\u00bbgestion\u00bb][\/vc_column][\/vc_row][vc_row content_placement=\u00bbmiddle\u00bb css=\u00bb.vc_custom_1622502396702{padding-top: 80px !important;padding-bottom: 80px !important;}\u00bb][vc_column][vc_row_inner content_placement=\u00bbmiddle\u00bb][vc_column_inner][vc_column_text] Gesti\u00f3n del riesgo La calidad y la seguridad son fundamentales...\" \/>\n<meta property=\"og:url\" content=\"https:\/\/www.transmebacarga.com\/?page_id=285\" \/>\n<meta property=\"og:site_name\" content=\"Transmeba Carga\" \/>\n<meta property=\"article:modified_time\" content=\"2025-09-11T14:56:46+00:00\" \/>\n<meta name=\"twitter:card\" content=\"summary_large_image\" \/>\n<meta name=\"twitter:label1\" content=\"Tiempo de lectura\" \/>\n\t<meta name=\"twitter:data1\" content=\"1 minuto\" \/>\n<script type=\"application\/ld+json\" class=\"yoast-schema-graph\">{\"@context\":\"https:\\\/\\\/schema.org\",\"@graph\":[{\"@type\":\"WebPage\",\"@id\":\"https:\\\/\\\/www.transmebacarga.com\\\/?page_id=285\",\"url\":\"https:\\\/\\\/www.transmebacarga.com\\\/?page_id=285\",\"name\":\"Gesti\u00f3n del riesgo | Transmeba Carga\",\"isPartOf\":{\"@id\":\"https:\\\/\\\/www.transmebacarga.com\\\/#website\"},\"datePublished\":\"2025-09-11T04:07:13+00:00\",\"dateModified\":\"2025-09-11T14:56:46+00:00\",\"breadcrumb\":{\"@id\":\"https:\\\/\\\/www.transmebacarga.com\\\/?page_id=285#breadcrumb\"},\"inLanguage\":\"es\",\"potentialAction\":[{\"@type\":\"ReadAction\",\"target\":[\"https:\\\/\\\/www.transmebacarga.com\\\/?page_id=285\"]}]},{\"@type\":\"BreadcrumbList\",\"@id\":\"https:\\\/\\\/www.transmebacarga.com\\\/?page_id=285#breadcrumb\",\"itemListElement\":[{\"@type\":\"ListItem\",\"position\":1,\"name\":\"Portada\",\"item\":\"https:\\\/\\\/www.transmebacarga.com\\\/\"},{\"@type\":\"ListItem\",\"position\":2,\"name\":\"Gesti\u00f3n del riesgo\"}]},{\"@type\":\"WebSite\",\"@id\":\"https:\\\/\\\/www.transmebacarga.com\\\/#website\",\"url\":\"https:\\\/\\\/www.transmebacarga.com\\\/\",\"name\":\"Transmeba Carga\",\"description\":\"\",\"potentialAction\":[{\"@type\":\"SearchAction\",\"target\":{\"@type\":\"EntryPoint\",\"urlTemplate\":\"https:\\\/\\\/www.transmebacarga.com\\\/?s={search_term_string}\"},\"query-input\":{\"@type\":\"PropertyValueSpecification\",\"valueRequired\":true,\"valueName\":\"search_term_string\"}}],\"inLanguage\":\"es\"}]}<\/script>\n<!-- \/ Yoast SEO plugin. -->","yoast_head_json":{"title":"Gesti\u00f3n del riesgo | Transmeba Carga","robots":{"index":"noindex","follow":"follow","max-snippet":"max-snippet:-1","max-image-preview":"max-image-preview:large","max-video-preview":"max-video-preview:-1"},"og_locale":"es_ES","og_type":"article","og_title":"Gesti\u00f3n del riesgo | Transmeba Carga","og_description":"[vc_row full_width=\u00bbstretch_row_content_no_spaces\u00bb][vc_column][rev_slider_vc alias=\u00bbgestion\u00bb][\/vc_column][\/vc_row][vc_row content_placement=\u00bbmiddle\u00bb css=\u00bb.vc_custom_1622502396702{padding-top: 80px !important;padding-bottom: 80px !important;}\u00bb][vc_column][vc_row_inner content_placement=\u00bbmiddle\u00bb][vc_column_inner][vc_column_text] Gesti\u00f3n del riesgo La calidad y la seguridad son fundamentales...","og_url":"https:\/\/www.transmebacarga.com\/?page_id=285","og_site_name":"Transmeba Carga","article_modified_time":"2025-09-11T14:56:46+00:00","twitter_card":"summary_large_image","twitter_misc":{"Tiempo de lectura":"1 minuto"},"schema":{"@context":"https:\/\/schema.org","@graph":[{"@type":"WebPage","@id":"https:\/\/www.transmebacarga.com\/?page_id=285","url":"https:\/\/www.transmebacarga.com\/?page_id=285","name":"Gesti\u00f3n del riesgo | Transmeba Carga","isPartOf":{"@id":"https:\/\/www.transmebacarga.com\/#website"},"datePublished":"2025-09-11T04:07:13+00:00","dateModified":"2025-09-11T14:56:46+00:00","breadcrumb":{"@id":"https:\/\/www.transmebacarga.com\/?page_id=285#breadcrumb"},"inLanguage":"es","potentialAction":[{"@type":"ReadAction","target":["https:\/\/www.transmebacarga.com\/?page_id=285"]}]},{"@type":"BreadcrumbList","@id":"https:\/\/www.transmebacarga.com\/?page_id=285#breadcrumb","itemListElement":[{"@type":"ListItem","position":1,"name":"Portada","item":"https:\/\/www.transmebacarga.com\/"},{"@type":"ListItem","position":2,"name":"Gesti\u00f3n del riesgo"}]},{"@type":"WebSite","@id":"https:\/\/www.transmebacarga.com\/#website","url":"https:\/\/www.transmebacarga.com\/","name":"Transmeba Carga","description":"","potentialAction":[{"@type":"SearchAction","target":{"@type":"EntryPoint","urlTemplate":"https:\/\/www.transmebacarga.com\/?s={search_term_string}"},"query-input":{"@type":"PropertyValueSpecification","valueRequired":true,"valueName":"search_term_string"}}],"inLanguage":"es"}]}},"_links":{"self":[{"href":"https:\/\/www.transmebacarga.com\/index.php?rest_route=\/wp\/v2\/pages\/285","targetHints":{"allow":["GET"]}}],"collection":[{"href":"https:\/\/www.transmebacarga.com\/index.php?rest_route=\/wp\/v2\/pages"}],"about":[{"href":"https:\/\/www.transmebacarga.com\/index.php?rest_route=\/wp\/v2\/types\/page"}],"author":[{"embeddable":true,"href":"https:\/\/www.transmebacarga.com\/index.php?rest_route=\/wp\/v2\/users\/1"}],"replies":[{"embeddable":true,"href":"https:\/\/www.transmebacarga.com\/index.php?rest_route=%2Fwp%2Fv2%2Fcomments&post=285"}],"version-history":[{"count":7,"href":"https:\/\/www.transmebacarga.com\/index.php?rest_route=\/wp\/v2\/pages\/285\/revisions"}],"predecessor-version":[{"id":642,"href":"https:\/\/www.transmebacarga.com\/index.php?rest_route=\/wp\/v2\/pages\/285\/revisions\/642"}],"wp:attachment":[{"href":"https:\/\/www.transmebacarga.com\/index.php?rest_route=%2Fwp%2Fv2%2Fmedia&parent=285"}],"curies":[{"name":"wp","href":"https:\/\/api.w.org\/{rel}","templated":true}]}}